True
Is 300551 composite?
True
Is 169747 composite?
True
Is 4855 prime?
False
Is 28813 prime?
True
Is 41187 a composite number?
True
Is 42641 a prime number?
True
Is 151471 a composite number?
False
Is 93887 a composite number?
False
Is 9143 composite?
True
Is 14741 a composite number?
False
Is 8663 a prime number?
True
Is 6947 prime?
True
Is 44723 a prime number?
False
Is 22171 composite?
False
Is 441421 composite?
False
Is 140473 prime?
True
Is 491921 composite?
True
Is 63541 a composite number?
False
Is 4247 composite?
True
Is 4283 a composite number?
False
Is 125179 composite?
True
Is 14143 a composite number?
False
Is 44494 a prime number?
False
Is 1024783 a composite number?
False
Is 500107 a composite number?
False
Is 21089 a composite number?
False
Is 25667 a prime number?
True
Is 16301 prime?
True
Is 11263 a composite number?
True
Is 21313 a prime number?
True
Is 599803 a prime number?
True
Is 8609 a composite number?
False
Is 2161949 a composite number?
False
Is 450353 composite?
True
Is 33805 prime?
False
Is 58637 a composite number?
True
Is 5926 a composite number?
True
Is 2342411 a prime number?
False
Is 77471 prime?
True
Is 10999 prime?
False
Is 787793 prime?
True
Is 941133 a prime number?
False
Is 21467 prime?
True
Is 267161 prime?
False
Is 1793 a composite number?
True
Is 12881 composite?
True
Is 37243 prime?
True
Is 85385 prime?
False
Is 77 composite?
True
Is 38633 prime?
False
Is 236399 prime?
True
Is 15559 a prime number?
True
Is 1262557 a composite number?
False
Is 17711 composite?
True
Is 55439 a prime number?
True
Is 47681 composite?
False
Is 3407 a prime number?
True
Is 12421 a composite number?
False
Is 313187 a prime number?
False
Is 733687 a prime number?
True
Is 196939 prime?
False
Is 10351 composite?
True
Is 501121 composite?
False
Is 56519 a prime number?
True
Is 377957 a composite number?
True
Is 17729 a prime number?
True
Is 2762 composite?
True
Is 2953163 composite?
False
Is 75935 prime?
False
Is 16181 a composite number?
True
Is 10489 a prime number?
False
Is 33119 a composite number?
False
Is 7309 a composite number?
False
Is 785797 composite?
True
Is 2291 composite?
True
Is 382805 a prime number?
False
Is 165079 prime?
True
Is 3583977 composite?
True
Is 48973 prime?
True
Is 30979 prime?
False
Is 1341017 prime?
True
Is 797 a prime number?
True
Is 14453 a composite number?
True
Is 4621 composite?
False
Is 178169 a composite number?
False
Is 58459 a composite number?
True
Is 548591 prime?
True
Is 14969 a prime number?
True
Is 213103 prime?
False
Is 20471 a prime number?
False
Is 10223 composite?
False
Is 2941 a composite number?
True
Is 24793 prime?
True
Is 89909 composite?
False
Is 786547 a prime number?
True
Is 13027 composite?
True
Is 94021 prime?
False
Is 2599321 a prime number?
True
Is 229531 prime?
False
Is 1367 a composite number?
False
Is 51122 prime?
False
Is 19121 composite?
False
Is 135341 prime?
False
Is 2325061 a prime number?
True
Is 394453 prime?
True
Is 169429 prime?
False
Is 39901 a prime number?
True
Is 943739 prime?
False
Is 52789 a prime number?
False
Is 158863 composite?
False
Is 697157 composite?
False
Is 12643 prime?
False
Is 18899 a composite number?
False
Is 37711 a prime number?
False
Is 11567 a composite number?
True
Is 4267 prime?
False
Is 93683 a composite number?
False
Is 495622 a composite number?
True
Is 23663 composite?
False
Is 9127 a composite number?
False
Is 1480391 composite?
True
Is 46333 composite?
True
Is 671579 a composite number?
True
Is 494083 prime?
True
Is 167019 a prime number?
False
Is 114689 a composite number?
False
Is 7339 prime?
False
Is 267185 composite?
True
Is 31919 a composite number?
True
Is 19 a prime number?
True
Is 2661 a prime number?
False
Is 7829 a prime number?
True
Is 80187 a composite number?
True
Is 84957 prime?
False
Is 210437 a prime number?
True
Is 58493 prime?
False
Is 51605 a prime number?
False
Is 35773 a prime number?
False
Is 8009 a prime number?
True
Is 777893 composite?
True
Is 517277 a composite number?
False
Is 3541 composite?
False
Is 100267 prime?
True
Is 1069 a prime number?
True
Is 440743 a prime number?
False
Is 1086587 a composite number?
False
Is 135719 a composite number?
False
Is 168839 a prime number?
False
Is 748453 a prime number?
True
Is 1499 a composite number?
False
Is 27329 a composite number?
False
Is 49681 prime?
True
Is 1284169 prime?
True
Is 4831 a prime number?
True
Is 2701 a prime number?
False
Is 50522 composite?
True
Is 37831 composite?
False
Is 32167 a composite number?
True
Is 593261 a composite number?
False
Is 3847 composite?
False
Is 90347 a prime number?
False
Is 22171 a composite number?
False
Is 67909 composite?
True
Is 1768981 composite?
True
Is 17519 prime?
True
Is 691399 prime?
True
Is 1383517 prime?
True
Is 143947 prime?
True
Is 72101 prime?
True
Is 1867 a composite number?
False
Is 71465 a prime number?
False
Is 61763 a composite number?
True
Is 3027 a composite number?
True
Is 5953 prime?
True
Is 2011681 a composite number?
True
Is 3227 a composite number?
True
Is 4903 prime?
True
Is 1988023 composite?
False
Is 940607 a composite number?
False
Is 74857 prime?
True
Is 1293283 prime?
True
Is 230501 a prime number?
True
Is 14983 composite?
False
Is 88681 a composite number?
False
Is 45053 prime?
True
Is 6733 a composite number?
False
Is 80407 composite?
False
Is 187751 composite?
False
Is 1552111 composite?
True
Is 534161 prime?
False
Is 1479533 a composite number?
True
Is 708749 a prime number?
False
Is 24509 a prime number?
True
Is 62207 prime?
True
Is 296722 composite?
True
Is 321959 a prime number?
False
Is 15109 a composite number?
True
Is 407767 composite?
True
Is 2327 a prime number?
False
Is 8453 a prime number?
False
Is 18281 prime?
False
Is 5671 a composite number?
True
Is 280979 prime?
True
Is 1034983 prime?
True
Is 8842 a composite number?
True
Is 5557 a composite number?
False
Is 1664255 composite?
True
Is 11471 a prime number?
True
Is 293371 a composite number?
True
Is 74843 a prime number?
True
Is 3986 a prime number?
False
Is 28829 composite?
True
Is 466 a prime number?
False
Is 54493 a composite number?
False
Is 645173 composite?
True
Is 31055 prime?
False
Is 39293 a prime number?
True
Is 8641 a prime number?
True
Is 294587 prime?
False
Is 2483 composite?
True
Is 289 composite?
True
Is 1186681 prime?
False
Is 59523 prime?
False
Is 219445 a prime number?
False
Is 74489 composite?
False
Is 123031 composite?
False
Is 262617 a prime number?
False
Is 2863 a prime number?
False
Is 218797 a composite number?
False
Is 81823 prime?
False
Is 9983 a prime number?
False
Is 206623 a composite number?
False
Is 3991 prime?
False
Is 56229 a prime number?
False
Is 1429102 composite?
True
Is 18041 a composite number?
False
Is 39133 prime?
True
Is 1657519 composite?
False
Is 2591401 a composite number?
False
Is 8657 a composite number?
True
Is 6779 prime?
True
Is 16279 composite?
True
Is 9923 composite?
False
Is 945143 a prime number?
True
Is 587341 composite?
False
Is 117161 a prime number?
False
Is 2827 a prime number?
False
Is 537 a composite number?
True
Is 16561 a prime number?
True
Is 2286283 a prime number?
False
Is 54973 a composite number?
False
Is 56237 prime?
True
Is 892351 a prime number?
True
Is 37079 prime?
False
Is 3133 composite?
True
Is 237331 a prime number?
True
Is 295937 a prime number?
True
Is 20249 a composite number?
False
Is 53987 composite?
False
Is 10871 a composite number?
True
Is 248137 composite?
False
Is 106853 a composite number?
False
Is 331673 a prime number?
False
Is 8263 a composite number?
False
Is 10497 composite?
True
Is 5609 prime?
False
Is 37423 a composite number?
False
Is 2435 a prime number?
False
Is 95453 a composite number?
True
Is 701 a prime number?
True
Is 148883 a composite number?
True
Is 225949 a prime number?
True
Is 24659 prime?
True
Is 1896313 prime?
True
Is 44747 composite?
True
Is 57169 composite?
True
Is 12373 a composite number?
False
Is 28401 a composite number?
True
Is 5261 composite?
False
Is 11057 prime?
True
Is 8057 a composite number?
True
Is 3247 a composite number?
True
Is 765199 a composite number?
False
Is 5359 a prime number?
False
Is 20477 a prime number?
True
Is 2039 prime?
True
Is 319 a prime number?
False
Is 3791 a composite 